lculate the greatest common divisor of t and g.
3
Let g be 2/(-1) - -4*1. Suppose 0 = 3*o - 4*o + 3*x - 6, 2*o - g*x = -16. Let i be 392/6 + 3/o. Calculate the highest common factor of 13 and i.
13
Suppose -375 = 2*x - 5*x. Let y = -13 - -38. Calculate the highest common factor of x and y.
25
Let c = 378 - 221. Let q = -29 + c. Let k(w) = w + 8. Let l be k(8). What is the greatest common divisor of q and l?
16
Suppose 107*c + 399 = 114*c. Calculate the greatest common divisor of c and 627.
57
Let h = -271 + 375. What is the highest common divisor of 24 and h?
8
Let d = -16 - -22. Let m = 232 + 98. Suppose w - m = -4*w. What is the greatest common factor of d and w?
6
Suppose -45 + 24 = -7*i. Let b(u) = u**3 + 5*u**2 + 3*u + 1. Let r be b(-4). Suppose -54 - 111 = -r*t. What is the highest common factor of i and t?
3
Let k be (-4)/(-6) + 238/21. Let l(o) = -o**2 - 21*o + 70. Let n be l(-23). What is the highest common divisor of k and n?
12
Let k(j) = j**2 - j. Let r be k(-1). Suppose 9*f = -31*f - 320. Let w be 146*(-4)/f + r. Calculate the highest common factor of 15 and w.
15
Suppose -9*v - 102 + 2262 = 0. Let s(f) = -4*f + 4. Let r be s(-2). What is the highest common factor of r and v?
12
Let p(q) be the first derivative of 1/4*q**4 - 9 - 1/2*q**2 + 1/3*q**3 + 42*q. Let g be p(0). What is the greatest common divisor of g and 294?
42
Suppose 5*o - 4*a - 304 = -83, 5*o = 3*a + 222. Suppose 0 = c + 4*c - o. What is the greatest common factor of 63 and c?
9
Suppose 4*p + 4*n = 1452, 6*p - 2*n + 1086 = 9*p. What is the highest common divisor of p and 240?
120
Let t(g) = 2*g**2 + 3*g + 3. Let x be t(-3). Let k be (2 - -6)*(2 - (-1 - -2)). What is the highest common divisor of x and k?
4
Suppose 0 = -10*y + 6*y - 1428. Let o = y - -506. Suppose -5*x - 49 + o = 0. Calculate the greatest common factor of 4 and x.
4
Let p(b) = 8*b + 80. Let z be p(14). Calculate the highest common divisor of 12 and z.
12
Suppose -1 = -4*w + 36 + 11. Let c(q) = q**3 - 6*q**2 - 5*q + 6. Let h be c(7). Calculate the highest common divisor of h and w.
4
Let g(o) be the third derivative of o**6/120 - o**5/3 + 3*o**4/4 + 14*o**3/3 + 3*o**2. Let q be g(19). Calculate the greatest common factor of 99 and q.
9
Let n(f) = 6 - 10 - 5 - 11*f + f**3 - 11*f**2. Let g be n(12). Let m be 2/(8/84) - g. Calculate the greatest common divisor of 9 and m.
9
Let q(a) = -a**3 + a + 7. Let i = 26 - 21. Let z be 0/(5*2/i). Let y be q(z). Calculate the highest common factor of 77 and y.
7
Suppose 3*a = 4*l + 165, 5*a - 246 = 4*l + 21. Let o(x) = x**3 - 3*x**2 - 8*x + 7. Let i be o(5). Calculate the greatest common factor of a and i.
17
Suppose 1195 = 33*y - 1907. What is the highest common divisor of 329 and y?
47
Let l = -31 - -69. Let n be 1*(-18)/(-5)*(-40)/(-16). Suppose 57 = -6*c + n*c. Calculate the highest common factor of l and c.
19
Let x be (-1*43/2)/(4/(-48)). Let v = 368 - x. What is the highest common divisor of v and 44?
22
Suppose 2*v + 5*a = -32 - 45, 4*v = 5*a - 139. Let y = v + 53. Calculate the greatest common factor of 17 and y.
17
Let q be ((-2)/(-6))/((-12)/(-504)). Suppose 70 = 4*c - 210. Calculate the greatest common divisor of c and q.
14
Suppose -3*p + 30 + 0 = 0. Let v(m) = -2*m + 22. Let d be v(p). What is the greatest common factor of 4 and d?
2
Suppose 82*q - 119*q = -370. Suppose 4 = 4*w - 116. What is the greatest common divisor of w and q?
10
Suppose 3*g + i = 5*g - 124, 2*g + i = 128. Calculate the highest common divisor of g and 27.
9
Suppose 0 = -5*i + 189 - 194. Let y be (-1)/4 - ((-197)/4 - i). Suppose -2*s + 3*d = -44, 0*d + d + 4 = 0. Calculate the greatest common factor of s and y.
16
Suppose 20*t = -z + 17*t + 320, 0 = -t. What is the highest common divisor of 120 and z?
40
Let q(m) = -m**3 - 6*m**2 + 9*m + 71. Let p be q(-5). Calculate the greatest common factor of p and 1.
1
Let m(j) be the third derivative of -j**4/12 + 2*j**3 - 28*j**2. Let k be m(-6). What is the greatest common factor of k and 3?
3
Let a(c) = -c - c - c**2 + 8 + 9*c. Let g be a(4). What is the greatest common divisor of 20 and g?
20
Let r be (-6)/(2 + -4) - 1. Let q be 10/r*(-6)/(-15). Suppose s - 69 = -3*k - 2*s, q*k - 30 = 2*s. Calculate the greatest common divisor of 133 and k.
19
Let c(s) = -2*s - 9. Let h be c(-6). Let u be (1/2 - 1)*(-10 - -6). Suppose l - 7 = 5*d, -3 = -2*l + d + u. Calculate the greatest common divisor of h and l.
1
Let t = 103 - 12. Let y = -56 + 69. What is the greatest common factor of y and t?
13
Let i be ((-20)/30)/(2/(-108)). Suppose 6 = 6*n - i. Calculate the greatest common factor of n and 63.
7
Let n(s) = -2*s + 14. Let q be n(2). Suppose -12*d + 126 = -q*d. What is the highest common divisor of 18 and d?
9
Let j(b) = 5*b - 9. Let w(m) = 5*m - 10. Let z(g) = 5*j(g) - 6*w(g). Let r be z(6). Let o = r + 18. What is the highest common divisor of o and 27?
3
Suppose -2*q = -2*m - 8, -3*q - 3*m = -2*q - 4. Suppose 0 = y + q - 14. Calculate the greatest common factor of y and 4.
2
Let l be 3 - (3 + -50*1). Calculate the highest common divisor of l and 60.
10
Suppose 0*j + 2 = j. Suppose -7 - 36 = -5*q + j*k, 0 = -3*q - k + 17. Suppose 3*x - q*x + 112 = 0. What is the highest common divisor of x and 7?
7
Let s = -182 + 102. Let z = s - -164. Calculate the highest common divisor of 56 and z.
28
Suppose -3*j - j + 2*s = 310, -5*j - 5*s = 425. Let p be j/24*3*-1. Let f = 175 - 105. What is the highest common factor of p and f?
10
Suppose 371*t - 388*t + 1054 = 0. What is the greatest common divisor of t and 682?
62
Suppose -4*u - 28 = -4*f, -3 = -4*f + 3*u - 4*u. Let c be 4 - (-1 + -1 + f). Let i be (-1 - (0 + c))*-1. What is the greatest common divisor of 20 and i?
5
Let r = -14 - -65. Suppose 2*q + 33 = r. What is the highest common divisor of q and 63?
9
Suppose 0 = 5*k + 7*j - 10*j - 337, 2*j - 70 = -k. What is the greatest common factor of k and 4?
4
Let t be ((1827 - 0) + 10/(-5))*1. What is the highest common divisor of t and 25?
25
Let f(a) = a**3 - 18*a**2 + 18*a + 13. Let s be f(17). Let i be ((-18)/(-27))/((-4)/(-270)). Calculate the greatest common divisor of i and s.
15
Let a = 399 + -383. Calculate the greatest common factor of a and 944.
16
Let l be (-3)/(12/(-88))*1. What is the greatest common factor of l and 594?
22
Let t(s) = -20*s**2 + 4*s + 3. Let o be t(-2). Let h = 225 + o. Calculate the highest common divisor of 28 and h.
28
Suppose 0 = 3*d - 0*d + 3, -2*d + 4 = y. Suppose y*w + 50 = 8*w. What is the greatest common divisor of w and 10?
5
Let f be (-2)/5*1*-115. Let w be (f + 0)*(-1)/2. Let g = -13 - w. Calculate the highest common divisor of g and 10.
10
Suppose 66 = -3*h + 186. What is the highest common factor of 50 and h?
10
Let u be (1 - -10) + (99 - 39). Calculate the greatest common divisor of u and 355.
71
Let m(i) = -i**3 + 13*i**2 + i - 16. Let w be m(13). Let r be 0/(12/w) + 10. What is the highest common divisor of 10 and r?
10
Let f be -1*((-10)/2 + 1). Suppose c = -f*c + 770. Let d(l) = 12*l + 10. Let x be d(1). What is the greatest common divisor of x and c?
22
Suppose 0 = 2*z + 2*z - 176. Suppose r = 5*i - 67, 3*i + i = -4*r + z. Calculate the highest common factor of i and 52.
13
Suppose 2*z + 2*z = 3*m + 127, 53 = 2*z - 5*m. Calculate the greatest common divisor of 714 and z.
34
Let j(i) = i + 4. Let z be j(1). Suppose 2*f - 341 = z*l, -287 - 389 = -4*f + 4*l. What is the highest common divisor of 21 and f?
21
Let r = 2139 + -1323. What is the highest common divisor of 68 and r?
68
Let i be (((-35)/15)/(1/(-3)))/(-1). Let a be 2*2/(-14) - 352/i. Calculate the highest common divisor of a and 10.
10
Let u be -3*1840/(-180) + 4/3. What is the greatest common divisor of 136 and u?
8
Let x = 26 + -16. Suppose 0*v - 3*v - 9 = 3*d, -2*v = x. Let q be (-4)/(d + -2 + -2). Calculate the highest common factor of q and 1.
1
Let t = -1948 + 2018. What is the highest common divisor of t and 3290?
70
Suppose -5*m - 2445 + 2500 = 0. What is the highest common divisor of 121 and m?
11
Suppose 13*v - 1116 = -232. What is the highest common divisor of v and 51?
17
Let v be ((-12)/(-28))/(-6*6/(-252)). Calculate the highest common factor of v and 87.
3
Suppose -2*n + 5*d = -7*n + 3510, 5*d = -n + 698. Calculate the highest commo